) = 3*d(u) - 5*j(u). Calculate r(c).
2
Let k(w) = w**3 - 22*w**2 + 43*w - 58. Let j be k(20). Let l(a) = 2*a**2 - 4*a**2 - a**j + 2*a**2 + 1 - 10*a + 0*a. Calculate l(-11).
-10
Let z(x) = 2*x - 8. Suppose 3*k + 12 = 4*k + 3*i, -36 = -3*k + 4*i. Give z(k).
16
Suppose 3*v = -l - 6, 14 = -3*l - 5*v - 12. Let h(q) = 5*q + 53. Calculate h(l).
-7
Suppose 0 = -4*o - y + 55, -58 = -2*o + 4*y - 8. Let t(k) = -5*k + 89. Determine t(o).
14
Let j(z) = -3*z - z + 4*z - z + z**2 - z - 5*z - 8. Let f be 38/6 - (-4)/6. Give j(f).
-8
Let i(k) = -k**2 - 41*k - 68. Let s be i(-39). Let r(d) = 10*d**2 - 118*d**3 + 2*d - s + 117*d**3 - 13*d. Give r(9).
-28
Let p(v) = -v**3 - 28*v**2 - 27*v + 29. Let g = 1277 + -1304. What is p(g)?
29
Let z(g) = 71*g + 2411. Let t be z(-34). Let o(b) = 2*b**3 + 5*b**2 + b + 1. Give o(t).
-11
Let m = 5947 - 5961. Let j(l) = 6 - 14*l + 4 - 16 - l**2. Give j(m).
-6
Suppose 4*x + 12*j = 14*j + 2, -3*x - 4*j = 26. Let p(y) = 11*y**2 + 3*y + 1. Determine p(x).
39
Let u(z) = z**2 + 6*z + 6. Let o(f) be the first derivative of 3*f**2/2 + 33*f + 13. Let b be o(-18). Let l = b + 17. Give u(l).
-2
Let y(j) = j**2 - 11*j + 14. Let s = 93 - 566. Let k = 479 + s. Calculate y(k).
-16
Let t(l) = -l**3 + 3*l - 1. Let b be t(2). Let s = -366 - -368. Let g(f) = 3*f**2 + 20 + 4*f + 22 - s*f - 60 + 17. Determine g(b).
20
Let k(p) be the third derivative of p**6/60 - 7*p**5/15 + 23*p**4/24 + 19*p**3/3 - 1477*p**2. What is k(13)?
-1
Let z be -17 - 255/((-225)/15). Let h(d) = -d - 10. Give h(z).
-10
Let y = 56 + -55. Let g be (-3 - (0 + y + -3))*1. Let n(o) = 8*o + 2. Determine n(g).
-6
Suppose 4*b = -2*x, -6 = 5*b - 72*x + 76*x. Let f(z) = -z**3 + 2*z**2 + 2*z - 1. What is f(b)?
3
Let o = -93 + 90. Let g(a) = 0*a**2 - 6 + 2*a**2 + 1 + 7 + 5*a. What is g(o)?
5
Suppose 3*h + 114 = 4*m + 100, 0 = 5*m + 3*h - 58. Let b(u) = -10*u + 2. What is b(m)?
-78
Let s = -27771 + 27769. Let r(v) = -3*v - 5. Determine r(s).
1
Let r(m) = m**3 + 3*m**2 - 5*m + 8. Suppose 0 = 5*s - c + 14, 0 = -2*c + 799 - 811. Calculate r(s).
12
Let l(c) = -c**2 - 7*c - 1. Let z be l(-7). Let i be (z*4)/(-2 + (-3)/(-2)). Let n(b) = -2 + i - 2*b - 6 + 3*b**2 + 3. Calculate n(2).
11
Let s(m) be the third derivative of 0*m - 1/8*m**4 + 72*m**2 + m**3 + 0. What is s(9)?
-21
Let c(v) = 2*v**2 - 12*v + 16. Let n = 878 - 873. What is c(n)?
6
Let l(c) = -c**3 + 6*c**2 - c + 8. Let v = 34 + -165. Let k = -125 - v. Give l(k).
2
Let c(m) = -m**3 - 2*m**2 + 1. Let k be (-4)/(-1) - (-3)/(-9)*0. Suppose x - 5*x = q + 4, k*q = 3*x + 22. Let v be 8*(-1)/x + (-6)/3. Give c(v).
-15
Suppose 0 = -6*v + 436 - 412. Suppose v*y + 10*k - 9*k = -43, 2*y + 20 = -2*k. Let r(j) = -j**3 - 10*j**2 + 10*j - 7. Calculate r(y).
4
Let l be (525/(-225))/((-7)/12). Let j(b) = 5*b + 8. Calculate j(l).
28
Let z(j) = 2*j**3 + 11*j**2 - 3*j + 23. Let g(m) = 7*m**3 + 2*m**2 - m - 2. Let r be g(-1). Let d be z(r). Let b(q) = q**2 - 2*q - 7. Determine b(d).
8
Let f be 10/(-11 + (-71)/(-6)). Let z(y) = -y**3 + 14*y**2 - 24*y + 3. Determine z(f).
3
Suppose 2*o = 124*o - 2318. Let u(a) = 3*a**2 - 56*a - 12. Calculate u(o).
7
Suppose 0 = -3*m + 5*m + 3*a, 0 = m + 2*a + 1. Let o(b) = -1 - 5*b**3 + 2*b**2 - 10*b**m + 0*b**2. Suppose -26 - 24 = 226*z - 276. Calculate o(z).
-14
Let u(p) = -6*p**2 - 5*p - 6. Let d(v) = -7*v**2 - 8*v - 6. Let b(h) = -5*d(h) + 6*u(h). Give b(7).
15
Let z(k) = 5*k**2 + 3*k - 6. Suppose -12 + 41 = 47*g - 65. Calculate z(g).
20
Let j(d) = d**2 + 2. Let m = -185 - -31. Let f be (-66)/m - 11/(-7). Suppose -f*b + 29 = -0*u - 5*u, 5*b - u = 15. What is j(b)?
6
Let c(l) = 9*l + 33. Let j(y) = y**2 + 38*y - 1412. Let i be j(-61). Determine c(i).
-48
Let x(h) = -2*h**2 + 182*h + 7572. Let n be x(-31). Let w(g) be the first derivative of -5*g**2/2 + 1. Calculate w(n).
-40
Let p = 19 + 14. Let o(h) = -35*h + 100*h - p*h - 6 - 36*h. What is o(-4)?
10
Let m(u) = -5*u - u**2 - 4*u - 4*u + 5*u - 9 + 1. Let s = 0 - -7. Let t = -14 + s. Calculate m(t).
-1
Let j(a) = -a**2 + 37*a - 194. Suppose 371*k - 11935 = -14*k. Determine j(k).
-8
Let k(v) be the third derivative of -v**4/24 - 5*v**3/6 + 8*v**2. Let l(z) = z**2 - 30*z - 6. Let f be l(0). Calculate k(f).
1
Let q = 2 + -6. Let g(h) = -7*h**2 - 3*h + 2. Let b(i) = 19*i**2 + 10*i - 4. Suppose s - 45 = 5*k, -s + 4 = -k - 9. Let f(y) = k*g(y) - 3*b(y). What is f(q)?
4
Let d(a) = -3*a**2 - 54*a - 36. Let r be d(-17). Let v(o) = o + 120*o**2 - 44*o**2 + r - 39*o**2 + 0*o - 38*o**2. Determine v(0).
15
Let r be (4/6)/((-1)/3). Let d(j) = j**3 + j. Let z(l) = -l**3 + 3*l**2 + l. Let c(v) = 3*v + 20. Let w be c(-6). Let u(p) = w*d(p) + z(p). Calculate u(r).
-2
Let b(l) = l - 13. Suppose f + 2*d = d + 2, -2 = -f + 2*d. Suppose f*k = 3*y, -y = -k + 4*y - 14. Give b(k).
-7
Suppose -7*t = -5*t - 3*x + 31, -5*x = -25. Let o(j) = -3*j - 46. Let r be o(t). Let k = 17 + r. Let s(v) = v**2 + 10*v + 1. What is s(k)?
-24
Let j(s) = -13*s - 64. Let x(o) = 2*o + 26. Let u(q) = -j(q) + 3*x(q). What is u(-7)?
9
Suppose 92 - 4 = 4*v. Suppose 0 = -g - f - 9, -2*g = f - 7 + v. Let l be (g/(-10))/((-4)/(-20)). Let u(t) = 2*t**2 - 3*t - 1. Determine u(l).
8
Suppose -7*m = -10*m + 198. Let a = -56 + m. Let p(y) = -2*y - 5 + 4*y - 12 + a. Give p(6).
5
Let o(u) = u**3 + 37*u**2 - 75*u + 112. Let j be o(-39). Let m(d) = -d. Let p(y) = 12*y - 2. Let g(b) = 5*m(b) + p(b). Determine g(j).
-37
Let c(g) = g**3 - 11*g**2 + 5*g - 4. Let n(f) = -f**2 - f - 1. Let u(m) = c(m) - 3*n(m). Let a = -53 - -56. Let v = 10 - a. Give u(v).
6
Let p = 1298 - 1302. Let h(d) = -2*d**2 + 38. Determine h(p).
6
Let i(r) = -7*r**3 + 8*r**2 + 13*r - 16. Let z(f) = 4*f**3 - 4*f**2 - 7*f + 9. Suppose -23*c + 120 - 5 = 0. Let l(b) = c*z(b) + 3*i(b). Determine l(5).
-8
Let c = -633 + 870. Let n(i) = -3*i - 2*i - c*i**2 - 2 - 231*i**2 + 467*i**2. Calculate n(-4).
2
Let o be (-1)/(-5) - ((-25152)/40)/6. Let h(t) = 5*t + 17 + o*t**2 + 3*t - 12 - 107*t**2. Suppose 0 = 2*d - 4*w - 8, 5*d + 0*w - 28 = 2*w. What is h(d)?
-19
Let w be (-2)/(-5)*-3*(-195)/(-13). Let p(l) = l**3 + 19*l**2 + 14*l + 11. Give p(w).
83
Let s be -2*1*(-27)/(-27). Let r(y) = 3*y**3 + 2*y**2 - 1. Determine r(s).
-17
Let u(q) = -11*q + 106. Let n(t) = -t**3 - 6*t**2 + 28*t - 109. Let d be n(-10). Give u(d).
-15
Let t = 145 + -147. Let u be (-6)/(-3 + (1 - -1 - t)). Let i(x) = -x**2 - 7*x - 1. Give i(u).
5
Let o(r) = r**3 - 30*r**2 + 56*r - 1. Suppose -1461 = 254*f - 8573. What is o(f)?
-1
Let p be (4/8)/(4/32*4). Let y be p - 8/(-1 + -3). Let w(v) = -v + 0 + 6 - 1 - y. Determine w(0).
2
Let n(b) be the first derivative of b**3/3 + 9*b**2/2 + b + 5275. Calculate n(-8).
-7
Let p = 66 - 60. Let u(r) = -r**3 + 8*r**2 - 5*r - 10. Let y be u(7). Suppose 0 = q - y*q - p, 5*q = -3*o + 5. Let x(g) = -g**2 + 5*g + 6. What is x(o)?
6
Let k be -5 - 30/9*(-6)/(-4). Let u(l) = 5*l + 99. Let n(m) = 3*m + 49. Let d(h) = 5*n(h) - 2*u(h). Let s be d(k). Let o(i) = -i**2 - 4*i + 1. Determine o(s).
4
Suppose 44 = 4*q + 20, -4*o + 34 = 3*q. Let c(w) be the third derivative of 1/6*w**3 + 0 + 0*w + 11*w**2 - 1/3*w**o. Give c(-1).
9
Suppose -5*s - 19*s = -192. Let i(m) be the second derivative of 0 + 5*m**2 + 15*m - 1/6*m**3. Calculate i(s).
2
Let d(a) = a**3 - 3*a**2 - 7*a. Let j(r) = -r**3 + 2. Let i be j(-1). Suppose 0 = z - i*z - 4*p + 26, p + 16 = 4*z. Determine d(z).
15
Let z(m) be the third derivative of 7/24*m**4 + 1/60*m**5 + 2 - 5/6*m**3 + 33*m**2 + 0*m. Give z(-5).
-15
Suppose -7860*t + 5919 + 6003 = 4062. Let c(m) be the first derivative of 7*m**3/3 - m**2/2 + 2*m - 1. Determine c(t).
8
Let c(t) = 7*t**2 + 2*t - 1. Let g(k) be the third derivative of 11*k**5/60 + k**4/6 - k**3/6 - 24*k**2. Let d(o) = -8*c(o) + 5*g(o). Determine d(5).
-2
Suppose 0 = -10*v - 42 + 12. Let q be ((-567)/24)/v - (-8)/64. Let g(b) = b**2 - 8*b - 7. What is g(q)?
-7
Let d(k) = k**3 - k**2 - 18*k + 8. Let r(t) = 3*t**3 - t**2 - 52*t + 24. Suppose 624*s - 634*s = 110. Let u(w) = s*d(w) + 4*r(w). Give u(-8).
24
Let f(c) = -2*c + 5. Let b(n) = 1. Suppose m = 3*u - 5*u + 11, 6 = u + m. Let d(w) = u*b(w) - f(w). What is d(0)?
0
Suppose 4*u = 102*o - 99*o + 30, 2*u = 3*o + 18. Let h(l) = 2*l - 3*l - 1 + 2*l. Calculate h(o).
-3
Let r(n) = -n**3 + 5*n**2 - 3*n + 2. Suppose 0*t - 84 = -3*t. Let l be (-6)/2 - (2 -